 Give v(-7).
-6
Let a(k) = -2*k - 29. Determine a(-20).
11
Let w(d) = -d**2 + d + 3. What is w(-4)?
-17
Let o(l) = -2*l**2 - 43*l - 23. Give o(-21).
-2
Let y(o) = -o**3 - 11*o**2 - 22*o + 2. What is y(-9)?
38
Let d(i) = -2*i + 6. Calculate d(4).
-2
Let r(w) = -w**2 - 6*w + 18. Give r(-6).
18
Let r(s) = -s**2 + 5*s + 19. Calculate r(10).
-31
Let z(u) = 2*u**3 + 19*u**2 - 15*u - 32. Determine z(-10).
18
Let y(z) = -2*z**3 - 2*z**2 + 14*z + 35. Give y(-3).
29
Let y(j) = -81*j + 504. Give y(6).
18
Let n(i) = -3*i**2 + 12*i + 1. Determine n(5).
-14
Let q(r) = -r**3 - 6*r**2 - 7*r. Give q(-6).
42
Let w(t) = -t**2 + 2*t - 5. Give w(0).
-5
Let m(l) = -l + 13. Determine m(9).
4
Let j(k) = -k**2 - 12*k + 8. Determine j(-12).
8
Let v(d) = -21*d - 139. Calculate v(-7).
8
Let k(l) = -48*l - 2. Calculate k(-2).
94
Let g(b) = 7*b + 124. Determine g(-18).
-2
Let t(d) = -13*d + 68. Determine t(4).
16
Let a(z) = -z - 3. What is a(-7)?
4
Let m(l) = l**3 + 6*l**2 - 4*l + 3. Determine m(-5).
48
Let q(c) = -c**2 - 11*c - 19. Determine q(-9).
-1
Let i(w) = w**3 - 17*w**2 + 18*w + 38. What is i(16)?
70
Let b(z) = 8*z**3 - 3*z**2 - 3*z - 5. Determine b(-2).
-75
Let n(c) = 10*c - 8. Determine n(3).
22
Let z(i) = -i**3 - 21*i**2 - 19*i + 3. Give z(-20).
-17
Let s(p) = p**3 + 2*p**2 - 5*p + 21. Calculate s(0).
21
Let x(n) = -n + 25. Give x(15).
10
Let l(w) = 15*w**3 + w**2 - 2*w + 1. What is l(1)?
15
Let s(b) = b**3 - 23*b**2 + 42*b + 5. What is s(21)?
5
Let g(k) = k**3 + 11*k**2 + 2*k + 39. Determine g(-11).
17
Let g(z) = -z**2 + 2*z - 5. Calculate g(5).
-20
Let d(a) = -4*a**2 - 13*a + 23. What is d(-4)?
11
Let o(c) = -c**2 + 6*c + 6. What is o(5)?
11
Let o(k) = 189*k + 193. Determine o(-1).
4
Let h(v) = v - 7. Give h(8).
1
Let v(k) = -k + 17. Determine v(7).
10
Let f(c) = 72*c**3 - c**2 + 4*c + 5. Determine f(-1).
-72
Let a(v) = 34*v + 44. Give a(-2).
-24
Let c(w) = 8*w + 168. Give c(-18).
24
Let l(x) = -6*x - 1. Calculate l(-2).
11
Let d(l) = -l. What is d(-2)?
2
Let g(u) = -4*u - 77. What is g(-20)?
3
Let m(h) = h**2 - 18*h + 24. Give m(16).
-8
Let u(k) = k**3 + 9*k**2 + 7*k - 14. Calculate u(-8).
-6
Let s(g) = -g**3 + 5*g**2 - 6. Determine s(4).
10
Let l(w) = w**2 + 29*w - 8. Give l(-29).
-8
Let t(s) = -s**2 + 11*s - 4. Calculate t(8).
20
Let p(c) = -c**3 - 10*c**2 - 18*c - 3. Give p(-8).
13
Let u(s) = 4*s + 54. Give u(-13).
2
Let r(x) = x**2 - 2*x + 10. Calculate r(4).
18
Let l(n) = 16*n + 173. Determine l(-11).
-3
Let t(i) = -i**2 - 2*i + 4. Give t(-5).
-11
Let z(q) = -2*q**2 + 5*q + 5. Calculate z(-2).
-13
Let y(s) = s**3 + 4*s**2 - 18*s - 71. What is y(-5)?
-6
Let h(u) = -40*u - 441. Calculate h(-11).
-1
Let o(k) = -k**2 - 11*k - 1. What is o(-4)?
27
Let c(w) = -11*w. What is c(4)?
-44
Let y(o) = -o**3 - o + 4. Give y(2).
-6
Let n(l) = 10*l**3 - l - 1. Determine n(-1).
-10
Let j(p) = -p**2 + 9*p + 91. What is j(15)?
1
Let k(i) = -i**2 + 5*i - 2. Give k(3).
4
Let b(y) = y**3 + y**2 + 2*y. What is b(-1)?
-2
Let l(n) = -10*n**2 - 61*n - 13. Give l(-6).
-7
Let h(n) = -40*n + 34. What is h(1)?
-6
Let h(l) = 2*l**3 + l**2 - 1. Give h(-2).
-13
Let v(o) = -o**3 + 88*o**2 - 169*o - 258. What is v(86)?
0
Let f(o) = -o**3 - 10*o**2 + o - 9. Give f(-10).
-19
Let t(m) = -13*m**2 + 10*m + 4. Give t(-2).
-68
Let d(i) = -27*i + 4. Determine d(-3).
85
Let w(v) = v**2 - 34*v + 40. Give w(33).
7
Let u(s) = -s**2 + 6*s + 35. Calculate u(-4).
-5
Let p(j) = -9*j**2 + 3*j + 2. Determine p(-1).
-10
Let m(a) = a**3 + 4*a**2 - 6*a + 6. What is m(-5)?
11
Let a(v) = 5*v - 67. What is a(13)?
-2
Let z(p) = 2*p - 17. What is z(13)?
9
Let x(b) = 6*b + 36. Determine x(5).
66
Let p(h) = -146*h - 725. What is p(-5)?
5
Let n(o) = -3*o + 17. Determine n(-8).
41
Let c(y) = 8*y**2 - 39*y + 5. Give c(5).
10
Let d(r) = -107*r**2 - 2*r + 1. What is d(1)?
-108
Let j(m) = m**2 - 5*m + 8. Determine j(4).
4
Let x(m) = -m**3 - 10*m**2 - 11*m - 9. Calculate x(-9).
9
Let h(d) = d**2 - 4*d - 20. Give h(-3).
1
Let f(u) = -7*u + 31. Calculate f(5).
-4
Let t(d) = d**2 + 7*d + 4. What is t(-8)?
12
Let n(p) = -3*p**3 - p**2 - p. Give n(3).
-93
Let k(g) = g**3 - 6*g**2 - 9*g + 3. Determine k(6).
-51
Let j(w) = -w**2 + 15*w - 2. Determine j(16).
-18
Let d(i) = 2*i**3 + 34*i**2 - 76*i + 4. Give d(-19).
4
Let v(n) = 4*n - 39. What is v(10)?
1
Let a(c) = -c**3 - 13*c**2 + 7*c - 45. Give a(-14).
53
Let r(v) = -v**3 - 4*v**2 + 2*v + 5. What is r(-4)?
-3
Let l(m) = 2*m**2 - 34*m - 21. Give l(16).
-53
Let o(k) = 4*k + 10. Give o(-5).
-10
Let k(h) = -h**2 + 6*h - 28. Give k(8).
-44
Let w(p) = -p**3 - 8*p**2 - 6*p + 16. Calculate w(-7).
9
Let z(h) = -2*h + 18. What is z(4)?
10
Let s(l) = 2*l**2 - 9*l - 17. Determine s(6).
1
Let o(h) = -h**2 + 12*h - 19. Give o(10).
1
Let z(s) = -s**2 - 7*s - 21. Determine z(-4).
-9
Let b(v) = 59*v - 717. What is b(12)?
-9
Let r(q) = q**2 + 9*q + 28. Determine r(-9).
28
Let p(x) = -6*x - 50. Calculate p(-8).
-2
Let w(d) = -5*d + 25. Calculate w(7).
-10
Let r(u) = -u**2 + 15*u + 37. Determine r(17).
3
Let j(g) = -2*g**2 + 14*g - 9. Calculate j(6).
3
Let c(j) = 12*j - 30. Give c(10).
90
Let k(a) = 22*a - 817. What is k(37)?
-3
Let l(b) = b**3 - 14*b**2 - 4. What is l(14)?
-4
Let i(l) = -3*l**2 + 44*l - 32. Determine i(14).
-4
Let z(u) = 43*u**2 - u + 2. What is z(-1)?
46
Let m(h) = -h**2 + 7*h - 4. Determine m(8).
-12
Let i(r) = r**2 + 7*r + 3. Calculate i(-3).
-9
Let n(q) = -q**3 + 8*q**2 + q - 14. Determine n(8).
-6
Let k(q) = -4*q - 2. Determine k(4).
-18
Let z(j) = -6*j - 30. What is z(8)?
-78
Let a(f) = f**3 - 20*f**2 + 18*f + 10. Determine a(19).
-9
Let w(o) = -2*o + 86. Determine w(35).
16
Let g(u) = -10*u + 16. Determine g(1).
6
Let a(j) = 21*j + 18. Give a(-2).
-24
Let d(z) = z**3 - 12*z**2 + 20*z + 8. Calculate d(9).
-55
Let u(y) = -y**3 + 9*y**2 - 5*y + 7. What is u(8)?
31
Let m(s) = s**3 - s**2 + 3*s + 23. Give m(0).
23
Let b(l) = -l**3 + 5*l**2 - 3*l - 2. Give b(4).
2
Let x(j) = j**3 + 9*j**2 - 17*j + 11. Determine x(-10).
81
Let k(d) = -d**3 + 2*d**2 + 2*d. Calculate k(-1).
1
Let w(p) = p**3 - 2*p**2 - 7*p + 10. Give w(5).
50
Let s(k) = k**2 - 6*k - 4. What is s(7)?
3
Let k(l) = l**2 + 12*l + 3. Calculate k(-15).
48
Let y(b) = b**2 - 24*b + 59. What is y(21)?
-4
Let o(y) = 8*y**2 + y + 1. Give o(1).
10
Let p(v) = -v. Give p(12).
-12
Let p(o) = -o + 10. What is p(6)?
4
Let d(x) = -x**3 + 8*x**2 + 9*x - 12. Give d(9).
-12
Let b(l) = 19*l**2 + l - 1. Give b(1).
19
Let i(m) = -2*m**3 - 21*m**2 - 17*m - 4. Calculate i(-8).
-188
Let p(t) = 16*t + 193. Calculate p(-12).
1
Let x(r) = r**2 + 10*r - 26. Calculate x(-12).
-2
Let v(m) = 2*m - 8. Calculate v(8).
8
Let x(a) = 2*a**2 - 3*a + 1. Give x(3).
10
Let r(q) = -q**3 - 4*q**2 + 2*q - 12. Give r(-5).
3
Let u(k) = -k**2 + 13*k + 6. Give u(14).
-8
Let s(m) = -m**2 + m + 33. Determine s(7).
-9
Let g(s) = -31*s - 47. Calculate g(6).
-233
Let o(f) = 12*f**2 + 12*f + 15. Give o(-3).
87
Let n(m) = -m**3 - 6*m**2 - 6*m. What is n(-4)?
-8
Let a(t) = -3*t - 28. Calculate a(-7).
-7
Let n(c) = -4*c**2 + c + 7. Calculate n(-2).
-11
Let z(r) = r**3 + 8*r**2 - 32*r - 14. What is z(-11)?
-25
Let z(u) = -u**3 - 15. What is z(0)?
-15
Let i(q) = -4*q**3 + 3*q + 2. What is i(-1)?
3
Let f(r) = r**3 - 16*r**2 + 33*r - 13. Determine f(13).
-91
Let q(r) = -4*r**3 + 3*r**2 + 5*r - 3. Give q(3).
-69
Let d(b) = b**3 + 4*b**2 - 5*b - 1. What is d(-5)?
-1
Let n(d) = -d**2 - 5*d + 2. Calculate n(-5).
2
Let b(l) = -7*l + 3. Calculate b(2).
-11
Let r(x) = x**3 + 3*x**2. What is r(-4)?
-16
Let f(a) = -a. Calculate f(-6).
6
Let n(g) = -g**2 + 20*g - 1. Determine n(20).
-1
Let r(z) = 14*z - 62. What is r(7)?
36
Let d(b) = b**3 - 26*b**2 + 23*b - 1. Calculate d(25).
-51
Let z(n) = 3*n + 37. Calculate z(-10).
7
Let d(h) = -2*h + 3. What is d(2)?
-1
Let r(c) = -c**2 + 15*c + 23. Calculate r(8).
79
Let f(z) = -27*z - 291. Give f(-11).
6
Let s(c) = 6*c + 7. Determine s(0).
7
Let i(r) = 6*r + 24. Give i(-10).
-36
Let t(x) = -44*x + 128. Give t(3).
-4
Let s(o) = -o - 3. Calculate s(0).
-3
Let t(p) = 5*p + 7. Calculate t(5).
32
Let s(t) = 13*t - 84. Determine s(7).
7
Let m(k) = -k**3 + 25*k + 2. Determine m(6).
-64
Let o(x) = -2*x**2 + 3*x + 1. Calculate o(-2).
-13
Let x(t) = -t**2 - 8*t - 8. Calculate x(-6).
4
Let d(c) = 21*c - 100. Determine d(5).
5
Let t(k) = k**2 - 8*k - 39